{"id":436,"date":"2025-08-31T13:13:07","date_gmt":"2025-08-31T13:13:07","guid":{"rendered":"http:\/\/novosite.migueltorga.pt\/?page_id=436"},"modified":"2025-09-30T18:46:53","modified_gmt":"2025-09-30T18:46:53","slug":"conselho-geral","status":"publish","type":"page","link":"http:\/\/novosite.migueltorga.pt\/index.php\/conselho-geral\/","title":{"rendered":"Conselho Geral"},"content":{"rendered":"\n<div class=\"wp-block-uagb-container uagb-block-8f691257 alignfull uagb-is-root-container\"><div class=\"uagb-container-inner-blocks-wrap\">\n<div class=\"wp-block-columns is-layout-flex wp-container-core-columns-is-layout-9d6595d7 wp-block-columns-is-layout-flex\">\n<div class=\"wp-block-column is-layout-flow wp-block-column-is-layout-flow\" style=\"flex-basis:100%\">\n<figure class=\"wp-block-table is-style-stripes\"><table class=\"has-fixed-layout\"><thead><tr><th class=\"has-text-align-center\" data-align=\"center\">Representante<\/th><th class=\"has-text-align-center\" data-align=\"center\">Nome<\/th><\/tr><\/thead><tbody><tr><td class=\"has-text-align-center\" data-align=\"center\">Docente<\/td><td class=\"has-text-align-center\" data-align=\"center\">Ana Ribeiro<\/td><\/tr><tr><td class=\"has-text-align-center\" data-align=\"center\">Docente<\/td><td class=\"has-text-align-center\" data-align=\"center\">Lurdes Almeida<\/td><\/tr><tr><td class=\"has-text-align-center\" data-align=\"center\">Docente<\/td><td class=\"has-text-align-center\" data-align=\"center\">In\u00eas Santos<\/td><\/tr><tr><td class=\"has-text-align-center\" data-align=\"center\">Docente<\/td><td class=\"has-text-align-center\" data-align=\"center\"><\/td><\/tr><tr><td class=\"has-text-align-center\" data-align=\"center\">Docente<\/td><td class=\"has-text-align-center\" data-align=\"center\"><\/td><\/tr><tr><td class=\"has-text-align-center\" data-align=\"center\">Docente<\/td><td class=\"has-text-align-center\" data-align=\"center\"><\/td><\/tr><tr><td class=\"has-text-align-center\" data-align=\"center\">N\u00e3o docente<\/td><td class=\"has-text-align-center\" data-align=\"center\">Antonina Mesquita<\/td><\/tr><tr><td class=\"has-text-align-center\" data-align=\"center\">N\u00e3o docente<\/td><td class=\"has-text-align-center\" data-align=\"center\">Madalena Santos<\/td><\/tr><tr><td class=\"has-text-align-center\" data-align=\"center\">Discente<\/td><td class=\"has-text-align-center\" data-align=\"center\">Marta Ferreira<\/td><\/tr><tr><td class=\"has-text-align-center\" data-align=\"center\">Discente<\/td><td class=\"has-text-align-center\" data-align=\"center\">Matilde Alves<\/td><\/tr><tr><td class=\"has-text-align-center\" data-align=\"center\">Associa\u00e7\u00e3o de Pais e Encarregados de Educa\u00e7\u00e3o<\/td><td class=\"has-text-align-center\" data-align=\"center\">Am\u00e9lia Pinto<\/td><\/tr><tr><td class=\"has-text-align-center\" data-align=\"center\">Associa\u00e7\u00e3o de Pais e Encarregados de Educa\u00e7\u00e3o<\/td><td class=\"has-text-align-center\" data-align=\"center\">Marlene Soares<\/td><\/tr><tr><td class=\"has-text-align-center\" data-align=\"center\">C\u00e2mara Municipal de Sabrosa<\/td><td class=\"has-text-align-center\" data-align=\"center\">M\u00e1rio Varela<\/td><\/tr><tr><td class=\"has-text-align-center\" data-align=\"center\">C\u00e2mara Municipal de Sabrosa<\/td><td class=\"has-text-align-center\" data-align=\"center\">Nat\u00e1lia Amarante<\/td><\/tr><tr><td class=\"has-text-align-center\" data-align=\"center\">Associa\u00e7\u00e3o Humanit\u00e1ria dos Bombeiros de Sabrosa<\/td><td class=\"has-text-align-center\" data-align=\"center\">Jos\u00e9 Barros<\/td><\/tr><tr><td class=\"has-text-align-center\" data-align=\"center\">Associa\u00e7\u00e3o Recreativa-cultural e Musical do Concelho de Sabrosa<\/td><td class=\"has-text-align-center\" data-align=\"center\">Adelino Gon\u00e7alves<\/td><\/tr><tr><td class=\"has-text-align-center\" data-align=\"center\">Centro de Sa\u00fade de Sabrosa<\/td><td class=\"has-text-align-center\" data-align=\"center\">Ana Loureiro<\/td><\/tr><\/tbody><\/table><\/figure>\n<\/div>\n<\/div>\n<\/div><\/div>\n","protected":false},"excerpt":{"rendered":"<p>Representante Nome Docente Ana Ribeiro Docente Lurdes Almeida Docente In\u00eas Santos Docente Docente Docente N\u00e3o docente Antonina Mesquita N\u00e3o docente Madalena Santos Discente Marta Ferreira Discente Matilde Alves Associa\u00e7\u00e3o de Pais e Encarregados de Educa\u00e7\u00e3o Am\u00e9lia Pinto Associa\u00e7\u00e3o de Pais e Encarregados de Educa\u00e7\u00e3o Marlene Soares C\u00e2mara Municipal de Sabrosa M\u00e1rio Varela C\u00e2mara Municipal de&hellip;&nbsp;<a href=\"http:\/\/novosite.migueltorga.pt\/index.php\/conselho-geral\/\" rel=\"bookmark\"><span class=\"screen-reader-text\">Conselho Geral<\/span><\/a><\/p>\n","protected":false},"author":3,"featured_media":0,"parent":0,"menu_order":0,"comment_status":"closed","ping_status":"closed","template":"","meta":{"_uag_custom_page_level_css":"","neve_meta_sidebar":"","neve_meta_container":"","neve_meta_enable_content_width":"","neve_meta_content_width":0,"neve_meta_title_alignment":"","neve_meta_author_avatar":"","neve_post_elements_order":"","neve_meta_disable_header":"","neve_meta_disable_footer":"","neve_meta_disable_title":"","footnotes":""},"class_list":["post-436","page","type-page","status-publish","hentry"],"uagb_featured_image_src":{"full":false,"thumbnail":false,"medium":false,"medium_large":false,"large":false,"1536x1536":false,"2048x2048":false,"neve-blog":false},"uagb_author_info":{"display_name":"Admin.AEMT","author_link":"http:\/\/novosite.migueltorga.pt\/index.php\/author\/admin-aemt\/"},"uagb_comment_info":0,"uagb_excerpt":"Representante Nome Docente Ana Ribeiro Docente Lurdes Almeida Docente In\u00eas Santos Docente Docente Docente N\u00e3o docente Antonina Mesquita N\u00e3o docente Madalena Santos Discente Marta Ferreira Discente Matilde Alves Associa\u00e7\u00e3o de Pais e Encarregados de Educa\u00e7\u00e3o Am\u00e9lia Pinto Associa\u00e7\u00e3o de Pais e Encarregados de Educa\u00e7\u00e3o Marlene Soares C\u00e2mara Municipal de Sabrosa M\u00e1rio Varela C\u00e2mara Municipal de&hellip;&nbsp;Conselho&hellip;","_links":{"self":[{"href":"http:\/\/novosite.migueltorga.pt\/index.php\/wp-json\/wp\/v2\/pages\/436","targetHints":{"allow":["GET"]}}],"collection":[{"href":"http:\/\/novosite.migueltorga.pt\/index.php\/wp-json\/wp\/v2\/pages"}],"about":[{"href":"http:\/\/novosite.migueltorga.pt\/index.php\/wp-json\/wp\/v2\/types\/page"}],"author":[{"embeddable":true,"href":"http:\/\/novosite.migueltorga.pt\/index.php\/wp-json\/wp\/v2\/users\/3"}],"replies":[{"embeddable":true,"href":"http:\/\/novosite.migueltorga.pt\/index.php\/wp-json\/wp\/v2\/comments?post=436"}],"version-history":[{"count":3,"href":"http:\/\/novosite.migueltorga.pt\/index.php\/wp-json\/wp\/v2\/pages\/436\/revisions"}],"predecessor-version":[{"id":582,"href":"http:\/\/novosite.migueltorga.pt\/index.php\/wp-json\/wp\/v2\/pages\/436\/revisions\/582"}],"wp:attachment":[{"href":"http:\/\/novosite.migueltorga.pt\/index.php\/wp-json\/wp\/v2\/media?parent=436"}],"curies":[{"name":"wp","href":"https:\/\/api.w.org\/{rel}","templated":true}]}}